= -4*o + q + 5960, -30*q + 2986 = 2*o - 32*q. List the prime factors of o.
1489
What are the prime factors of ((-18)/7)/(-3) + (-2026060)/(-595)?
2, 13, 131
Let m(l) = l**3 - 15*l**2 + 2*l + 8. Let g(u) = -u**2 + 11*u - 15. Let o be g(6). List the prime factors of m(o).
2, 19
Let h = 55 + -55. Suppose h = -s - 15 + 67. List the prime factors of s.
2, 13
Let o = 9 + -4. Suppose -7 - 13 = -o*h. Let w(d) = d**2 - 4*d + 4. What are the prime factors of w(h)?
2
Let y be -39 - (-3 + 2/(-2)). Let w = y - -60. List the prime factors of w.
5
Suppose 0 = 3*f + 2*f + 170. Let j be 1/(1/(f - -3)). What are the prime factors of (4/4)/(-1)*j?
31
Let j = 83 - 66. Let m = j - -21. What are the prime factors of m?
2, 19
Let x(o) = o**3 + 2*o**2 - 2*o + 1. Let w be x(1). Let l be (1/w)/((-1)/(-216)). Suppose -5*q + i + 94 = -3*i, -5*i + l = 4*q. What are the prime factors of q?
2, 11
Suppose 0 = -61*n + 115*n - 67176. What are the prime factors of n?
2, 311
List the prime factors of (-4516 - -70)*2/(-6).
2, 3, 13, 19
Suppose -p + 3318 - 571 = -4*d, -13671 = -5*p + 4*d. What are the prime factors of p?
2731
Let o(j) be the third derivative of j**5/60 + j**3/6 + 3*j**2. Let w be o(-2). Suppose -w*g + 3 - 26 = y, -5*g - 33 = -4*y. What are the prime factors of y?
2
Suppose 0 = 20*x - 14*x - 9000. List the prime factors of x.
2, 3, 5
Let o(t) = -t**2 + 5*t. Let w be o(5). Suppose 6*f = -w*f + 474. List the prime factors of f.
79
Suppose -8*b + 10*b - 230 = 0. Let v = -57 + b. List the prime factors of v.
2, 29
Suppose 3*o = -2*o + 1130. What are the prime factors of 4/(4 + (-1)/(o/900))?
2, 113
Let o(s) be the second derivative of s**5/20 - s**4/2 + s**3/2 - 7*s**2/2 + 5*s. Let u be o(7). Let m = u - 37. What are the prime factors of m?
2, 13
Let h(l) be the first derivative of 3 + l - 27/2*l**2. What are the prime factors of h(-1)?
2, 7
Let c = -397 - -648. Suppose -4*x + 3*y + c = 0, -5*x = 4*y + 71 - 346. Suppose 2*t + 4*h = 56, 0*t + h = -3*t + x. What are the prime factors of t?
2, 3
Let u be (5 + (-48)/9)*(0 - 39). What are the prime factors of 1740/13 + 2/u?
2, 67
Suppose -359 = 3*n - 4*w, 3*n - 5*w + 94 = -267. Suppose -4*s - 4*o = 2 + 2, -o - 19 = 4*s. List the prime factors of ((-2)/s)/((-3)/n).
13
Suppose 1944 = 3*k + 4*a, 3*k - 5*a - 1944 = -4*a. List the prime factors of k.
2, 3
Let q be (-20)/180 - 92/(-18). Suppose -q*x = 67 - 287. List the prime factors of x.
2, 11
Let a be 18/45 + (-356)/(-10). List the prime factors of a - (2 + 2 - 5).
37
What are the prime factors of (-2)/(((-26)/(-693))/(-13))?
3, 7, 11
Let x be 18/(-12)*(-3 - -1). Suppose 2*h = x*h - 2. List the prime factors of h/((-1112)/(-276) + -4).
3, 23
Suppose -810 - 702 = -12*g. What are the prime factors of g?
2, 3, 7
Let o be 0 - -1 - (-1 - 285/(-3)). Let v = o - -123. List the prime factors of v.
2, 3, 5
Let k be (-2)/4*(21 + 7). Let x be 6*(3 - k/(-4)). What are the prime factors of 5 + -3 - x*1?
5
Let b = -89 + 134. Suppose -5*r = 2*d - 3, 4*d - 29 + 8 = -5*r. Let a = b - d. List the prime factors of a.
2, 3
Let x = -739 - -1192. List the prime factors of x.
3, 151
What are the prime factors of 6/((-36)/(-42)) - -597?
2, 151
Let q be 10/4*1*2. Suppose 0 = q*j - 201 + 11. Suppose 9*p - j = 7*p. List the prime factors of p.
19
Suppose 18*c + 1041 - 8997 = 0. List the prime factors of c.
2, 13, 17
Suppose -d - 3*z = -5, d = 3*d - z - 3. Suppose -4*t + 4 = d*q - 94, q = -4*t + 101. Suppose x - t = -x. List the prime factors of x.
13
Let b(l) = 55*l + 60*l**2 - 29*l - 27*l + 4. What are the prime factors of b(-2)?
2, 3, 41
Suppose -282 = 4*a + 2*k, -2*a - 151 = 5*k - 22. What are the prime factors of a/396 - (2578/(-22) - -1)?
2, 29
Let u(y) = y**3 - 6*y**2 - 9*y + 37. What are the prime factors of u(11)?
3, 181
Let m(f) = -368*f + 391. List the prime factors of m(-5).
23, 97
Let k(p) = -17*p - 43. Let m(w) = -11*w - 29. Let c(t) = 5*k(t) - 8*m(t). List the prime factors of c(10).
47
Let f(c) = 3*c + 3. Let m = -1 + 3. Suppose 18 = p + m*p. What are the prime factors of f(p)?
3, 7
Let f = 547 + -237. List the prime factors of f.
2, 5, 31
Let x be (-12 + 12)*(-1)/(-2). Suppose v - 36 = -x*v. List the prime factors of v.
2, 3
Let a be 14/4 + 7/(-14). Suppose 5*j = -a*m + 7, j = 2*m + 1 - 10. Suppose -4*r + 2*r = q - 17, 0 = -3*r - m*q + 38. List the prime factors of r.
2, 3
What are the prime factors of (-83220)/(-160) + 1/(-8)?
2, 5, 13
Let p(f) = 144*f**2 + 48*f - 160. List the prime factors of p(3).
2, 5
Suppose 0 = -2*x + 3*x + 1194. What are the prime factors of (-9)/15 + x/(-15)?
79
Suppose -2*i + 99 = -5*i. Let k(j) = -j - 15. Let t be k(-5). List the prime factors of i/55 + (-306)/t.
2, 3, 5
Let p(v) = -2*v**3 + 3*v**2 - 2*v. Let u be 35/(-11) - (-14)/77. What are the prime factors of p(u)?
3, 29
Let v(h) = -10*h - 99. Let q(u) = -15*u - 149. Let o(c) = -5*q(c) + 7*v(c). What are the prime factors of o(24)?
2, 43
Let r(m) = m**3 + 13*m**2 - 21*m - 30. Let f be r(-14). Suppose 7*l - 401 = f. List the prime factors of l.
67
Let h(o) = -o**3 - 5*o**2 - 2*o + 4. Let j = 18 + -23. Let w be h(j). What are the prime factors of 578/w - 18/63?
41
Let u(z) = -z**3 - 11*z**2 - z - 11. Let m be u(-11). Suppose m = 3*t + t - 68. List the prime factors of t.
17
Let o be (-1)/((15/48)/(-5)). Let u = -10 + o. Suppose f - 2*y + 4 = 0, -3*f - 2 = -u*y + 2*y. List the prime factors of f.
2, 3
Let l = 1109 - 729. What are the prime factors of l?
2, 5, 19
Suppose -z = -3*w + 765, 0 = 3*w - 2*z - 0*z - 765. What are the prime factors of w?
3, 5, 17
Suppose 2*o = 2, -c + 2*o - 2037 = -6*c. What are the prime factors of c?
11, 37
What are the prime factors of 11223/24 - (-6)/16?
2, 3, 13
Let s(v) = 16*v - 16. Let u be s(8). Suppose 5*w + b - u = 0, 0*w + 5*w - 4*b = 127. List the prime factors of w.
23
Let a(d) = d**3 + d**2 + 3*d + 73. Let t(x) = -x**3 - x**2 - 2*x - 72. Let y(i) = -2*a(i) - 3*t(i). Let c be y(0). Let m = c - 40. List the prime factors of m.
2, 3, 5
Let q(h) = -5*h**3 - 3*h**2 - 2*h + 3. Let f = 14 - 17. What are the prime factors of q(f)?
3, 13
Let b(c) = c + 13. Let a be b(-7). Suppose -s - a = -4*s + h, s = 5*h + 2. Suppose -92 = -3*l + s*w, 0*w + 2*w = -4*l + 146. List the prime factors of l.
2, 17
Let z(l) = 82*l**3. Let f be z(-1). Let t = f - -136. List the prime factors of t.
2, 3
Let d(n) = 6*n**2 - 41*n + 39. What are the prime factors of d(10)?
229
Let v(p) = p**2 + p - 3. Let z be v(-3). Suppose z*s = s + 14. Suppose l + s = y + 2, 2*l + 30 = 4*y. List the prime factors of y.
2, 5
Let l = 954 + -399. List the prime factors of l.
3, 5, 37
Let g = 187 - 143. List the prime factors of g.
2, 11
Suppose 3*f = -w + f - 46, 3*f - 162 = 4*w. Let b = -12 - w. List the prime factors of 16/(-6)*b/(-4).
2, 5
List the prime factors of 388/8*(27 + -13).
7, 97
Let o(k) = 262*k - 5. Let t(n) = -8*n + 49. Let s be t(6). What are the prime factors of o(s)?
257
Suppose -5*u + 3*w + 52 = -w, 2*u - 22 = 2*w. Suppose u*x - 354 = 142. What are the prime factors of x?
2, 31
Suppose 0 = -w + m + 4, 0 = -5*w - 4*m + 32 - 12. Suppose w*r = 6*r - 12. List the prime factors of r.
2, 3
Let f(s) = -s**3 + 5*s**2 + s - 1. Let r be f(5). Suppose 5*t + 42 = -2*m + 9, -m - r*t = 18. Let n = 18 + m. List the prime factors of n.
2
Let b(t) be the third derivative of t**6/120 - t**5/12 + 5*t**4/12 - t**3/6 - 10*t**2. What are the prime factors of b(5)?
7
Let n be -3 + (-1)/(1/43). Let x = -21 - n. Let r = x - -1. What are the prime factors of r?
2, 13
Suppose 0 = 109*r - 75*r - 18224. What are the prime factors of r?
2, 67
Let j = -85 - -84. List the prime factors of (j - 122)*(-15)/15.
3, 41
What are the prime factors of 7/(441/48055) - 4/(-18)?
7, 109
Suppose -9*p = -4*p - 115. Let i = 418 - 381. Let b = i - p. What are the prime factors of b?
2, 7
Let u(c) = 5*c - 8. Let h(f) = -15*f + 24. Let z(w) = -2*h(w) - 7*u(w). List the prime factors of z(-8).
2, 3
Suppose 20060 = 5*j + 4*c, -2*j + 2*c + 47 = -7959. Suppose -j = -15*f + 3*f. What are the prime factors of f?
2, 167
Let o(i) = 3*i**2 + 15*i + 10. What are the prime factors of o(14)?
2, 101
Suppose 3*c - 19 + 7 = 0, -2*a = 3*c - 788. List the prime factors of a.
2, 97
Suppose 2*y + 8 = 0, -5*j + 2*j + 2*y + 6935 = 0. List the prime factors of j.
2309